n**5/20 + 5*n**4/6 + n**3/3 - 3*n**2/2 + 4*n. Let p be s(10). What is the highest common factor of p and 119?
17
Let j = 16 + -15. Let v be 0/((5 - 2) + -2). Let n be (v + -1)*10/(-2). What is the highest common divisor of n and j?
1
Let n(f) = 5*f - 23. Let w be n(7). What is the highest common divisor of w and 4?
4
Let l = 9 - 6. Suppose -26 = -l*b - 2. What is the greatest common factor of 1 and b?
1
Let w = -43 - -60. What is the highest common divisor of 85 and w?
17
Let d be (-231)/(-22) + (-1)/2. What is the highest common factor of 10 and d?
10
Let u(a) = 2*a - 10. Let x be u(8). Calculate the greatest common factor of 1 and x.
1
Let w(t) = t + 4. Let b be w(-3). Suppose f + b - 31 = 0. What is the highest common factor of 10 and f?
10
Suppose -260 = -5*o + 3*o. Suppose 0 = -7*y + 5*y + o. What is the greatest common factor of y and 26?
13
Suppose 4*z - 468 = -0. Calculate the highest common divisor of 78 and z.
39
Suppose 0 = 3*w - w - 92. What is the highest common factor of w and 69?
23
Suppose -y + 30 = 3*z - 6*y, 40 = 4*z + y. Suppose 10 = b + 4*b, -5*b = 4*t - 330. What is the greatest common divisor of t and z?
10
Suppose -3*i = -8*i + 170. Suppose 161 + i = 5*n. What is the greatest common divisor of n and 26?
13
Suppose -2*r - 3 = -3*j - 0, -2*j = -2*r - 6. Let t = r - -23. What is the highest common divisor of t and 68?
17
Let t be 1/(-2)*-9*14. Suppose 3*m - 39 = -3*r, -2*r - 93 = -0*m - 5*m. Let q = -10 + m. What is the highest common divisor of q and t?
7
Suppose 11 = 4*j - 9. Let a be 36/j + 1/(-5). Let o = 141 + -64. Calculate the greatest common factor of a and o.
7
Suppose 164 = 4*k - 4*o, -3*o - 51 = -4*k + 3*k. What is the highest common factor of k and 4?
4
Let j be 20/(-6) + (-2)/(-6). Let i be 3 + 2 + j + 0. What is the highest common factor of 2 and i?
2
Suppose 0 = 18*z - 7 - 65. Let r(s) = -4*s**3 + s**2 + s + 2. Let t be r(-2). What is the highest common factor of t and z?
4
Let i = -7 + 10. Suppose 0 = -4*f - 40 + 128. Suppose -65 = -3*p + 2*r + i*r, p - f = 2*r. Calculate the highest common factor of 5 and p.
5
Suppose -5*j + 55 = f - 0*f, -4*j + 23 = 5*f. Suppose -s + 3*g + 9 = 0, 0*g = g - 5. What is the highest common divisor of s and j?
12
Let z(f) = f**2 + f - 5. Suppose -5*b - 28 = 5*r + 22, 20 = -5*b + r. Let u be z(b). What is the greatest common factor of 15 and u?
15
Suppose 0*j - 2*j = -12. Calculate the highest common factor of 42 and j.
6
Let a = -4 + 11. What is the highest common factor of 35 and a?
7
Suppose -6*o = -50 - 28. Calculate the greatest common divisor of o and 65.
13
Suppose 2*g - 56 = -2*g. Suppose 24 = 3*i + 3. What is the greatest common factor of g and i?
7
Suppose -5*n - 2*s = -32, -n + 31 = 4*n + s. Suppose 4*k = -0*x - 3*x + 132, 3*x = 3*k - 78. Calculate the greatest common divisor of k and n.
6
Let v be (-78)/7*(1 - 8). Calculate the greatest common divisor of v and 6.
6
Suppose 3*j - 143 = 55. Calculate the highest common factor of 22 and j.
22
Let i = -22 + 33. Let r(m) = m**2 - 1. Let c(v) = 8*v - 3. Let j(w) = -c(w) + 2*r(w). Let b be j(-6). Calculate the greatest common factor of i and b.
11
Let w = 221 + 43. What is the greatest common factor of w and 33?
33
Let b(m) = m + 37. Let w be b(-10). Calculate the greatest common divisor of 18 and w.
9
Suppose 5*z - 79 = -2*i - 7, 0 = -5*i - 2*z + 138. What is the highest common factor of i and 13?
13
Suppose 2*l - 4*v = -6 - 10, 2*l + v = 9. Calculate the highest common factor of l and 62.
2
Let v be (-4)/((-288)/(-147) - 2). Suppose 2*j - 3*c - v = -4*c, 3*c = 3*j - 156. Calculate the greatest common factor of j and 10.
10
Suppose -5*t - 2*q = -225, 4*q + q = -t + 45. Let m = -245 - -275. What is the greatest common divisor of m and t?
15
Let q = 15 + -30. Let d = q + 28. What is the greatest common divisor of d and 91?
13
Suppose 465 = 5*f + 115. Suppose 1 = o - 4, -o = -5*g + f. What is the greatest common divisor of g and 105?
15
Let s = -2 - -6. Suppose 0 = -5*c + c + 8, 3*q - 32 = -s*c. What is the highest common factor of 8 and q?
8
Let g = 11 + -7. Suppose -2*p + 5*r = 7, g*p + p - 5*r = 5. Suppose -1 = -w + 5*m + 5, 3*w + p*m + 1 = 0. What is the highest common factor of 5 and w?
1
Let v be (-108)/(-4) + -2 + 2. Calculate the highest common divisor of 3 and v.
3
Let q = 16 + 3. Suppose -v + 29 = -2*d, -4*v = -0*v - 5*d - 101. What is the highest common divisor of v and q?
19
Suppose 4*r = -4*z + 92, -79 = -3*r - 2*z + 4*z. What is the greatest common divisor of 10 and r?
5
Let i(y) = -26*y - 52*y - 6 + 10 - 2. Let f be i(-1). Calculate the highest common divisor of 10 and f.
10
Let t = -13 + 16. Let z(c) = 4*c + 4. Let v be z(t). Calculate the highest common divisor of v and 128.
16
Let m = 55 - 34. What is the highest common divisor of 3 and m?
3
Let d(l) = -1. Let o(t) = -t**3 + 12*t**2 - 11*t + 8. Let m(q) = 5*d(q) + o(q). Let z be m(9). Calculate the greatest common factor of 21 and z.
21
Let n(v) be the first derivative of v**4/4 - 8*v**3/3 - v**2/2 + 11*v + 4. Let j be n(8). Calculate the greatest common factor of 33 and j.
3
Let h be (4*5)/(1/1). Suppose 4*c + 5*p - 7 = 0, -7*p = -5*c - 2*p + h. Suppose 2*f - f - c = 0. What is the highest common factor of 6 and f?
3
Let n = -64 + 74. What is the greatest common factor of n and 40?
10
Let d be (5 - 0) + (0 - 1). Suppose -12 = -5*p - 2. Let o be p/6 - (-4)/6. Calculate the greatest common factor of o and d.
1
Let z(p) = 2*p**2 + 9*p + 4. Let v be z(-9). Calculate the greatest common divisor of v and 34.
17
Suppose -46 - 8 = -2*x. Let j be (-6)/x + (-1084)/(-18). Let u(i) = 2*i**2 + 3*i - 2. Let f be u(2). Calculate the greatest common divisor of j and f.
12
Let y = 148 + -44. Calculate the greatest common factor of y and 13.
13
Suppose 12 = a + 2*a. Suppose 0 = 2*f - c - 20, -2 + 42 = a*f - c. Let q be ((-2)/(-6))/((-1)/(-3)). Calculate the highest common factor of f and q.
1
Suppose 0 = 2*q + 4*i - 84, 8*i = 5*q + 4*i - 210. Suppose -3*z + 6 = -q. Calculate the greatest common factor of 128 and z.
16
Suppose -5 = z, -23*t + 18*t = 2*z - 95. What is the greatest common divisor of 189 and t?
21
Let b be 34/(-3) + 1/3. Let r = 19 - b. Let f = r + -19. What is the greatest common divisor of f and 121?
11
Let f(t) = 2*t + 6. Let w be f(7). What is the highest common divisor of w and 160?
20
Let m be 31 - (0 + (-9)/3). Suppose m - 10 = 4*v. Calculate the greatest common factor of v and 42.
6
Let a = 817 + -814. Let u = -20 - -14. Let c be 2/u + 128/6. Calculate the greatest common factor of a and c.
3
Suppose 5*k - 3*h = -0*h + 3, -k + 2 = -2*h. Suppose -2*o - 4 = d, 3*d + 4*o + 9 = 3. Suppose d*u - 4*u + 8 = k. Calculate the highest common factor of u and 6.
2
Suppose 0 = -4*s - 12, 6*z + 3*s = z + 801. Calculate the highest common divisor of z and 18.
18
Suppose 0 = 2*i - 7 + 3. Suppose 5*o + i*j + 3 - 6 = 0, 0 = -o - 2*j - 1. Suppose 0*n - 2*n = -8. Calculate the highest common divisor of n and o.
1
Let d(k) = -k**3 + 10*k**2 + k - 7. Let p be d(10). Let u = -23 + 32. Calculate the greatest common factor of p and u.
3
Suppose -i + 4*o - 9 = 0, -2*i = -i - 5*o + 12. Let q = 16 + -4. What is the highest common divisor of i and q?
3
Let i = 9 - 4. Calculate the greatest common factor of i and 55.
5
Let b(v) = -v + 5. Let q be b(-5). What is the highest common factor of q and 5?
5
Suppose -5*c + 47 = 5*z - 2*z, -5*c - 121 = -4*z. What is the greatest common divisor of z and 9?
3
Let u = 15 + 17. Suppose -4*q - 88 = -5*n, 5*n - 40 = 2*n - 4*q. What is the greatest common factor of u and n?
16
Suppose 6*n = n + d + 20, -n + 4 = -2*d. Let q be 7/(14/n) - -4. What is the greatest common factor of 2 and q?
2
Let q be -3 + 4 - 16/4. Let g be 48/(-9)*q/2. What is the highest common factor of 56 and g?
8
Let d = 102 + -95. Let y(v) = -v**2 + v + 63. Let p be y(0). Calculate the highest common divisor of d and p.
7
Let a(d) = 6*d**2 + 3*d + 0 + 2 - 8*d + d. Suppose 4*v = v + 9. Let o be a(v). What is the greatest common divisor of o and 11?
11
Let l be 20/15 - 8/(-12). Calculate the highest common factor of 2 and l.
2
Suppose 3*d + 3*j - 2*j = -49, 3*j = -d - 19. Let t = d + 38. Calculate the greatest common factor of t and 55.
11
Suppose 5*o - 15 = 2*o. Suppose -20 =